699
What are the prime factors of 222?
2, 3, 37
List the prime factors of 108189.
3, 4007
List the prime factors of 1052.
2, 263
List the prime factors of 99368.
2, 12421
List the prime factors of 19044.
2, 3, 23
List the prime factors of 21952.
2, 7
List the prime factors of 45081.
3, 5009
List the prime factors of 5541.
3, 1847
What are the prime factors of 66611?
59, 1129
List the prime factors of 9467.
9467
What are the prime factors of 5726?
2, 7, 409
List the prime factors of 858.
2, 3, 11, 13
What are the prime factors of 4879?
7, 17, 41
List the prime factors of 31268.
2, 7817
List the prime factors of 1713.
3, 571
What are the prime factors of 3910?
2, 5, 17, 23
What are the prime factors of 7835?
5, 1567
List the prime factors of 2444.
2, 13, 47
List the prime factors of 47217.
3, 15739
What are the prime factors of 14046?
2, 3, 2341
List the prime factors of 3778.
2, 1889
List the prime factors of 15334.
2, 11, 17, 41
List the prime factors of 4369.
17, 257
What are the prime factors of 469?
7, 67
List the prime factors of 4683.
3, 7, 223
What are the prime factors of 68880?
2, 3, 5, 7, 41
What are the prime factors of 658?
2, 7, 47
List the prime factors of 1121.
19, 59
What are the prime factors of 3087?
3, 7
List the prime factors of 7746.
2, 3, 1291
What are the prime factors of 1776?
2, 3, 37
List the prime factors of 21030.
2, 3, 5, 701
List the prime factors of 1464.
2, 3, 61
What are the prime factors of 2055?
3, 5, 137
List the prime factors of 103283.
179, 577
What are the prime factors of 72238?
2, 19, 1901
List the prime factors of 73478.
2, 36739
What are the prime factors of 371?
7, 53
What are the prime factors of 723?
3, 241
List the prime factors of 14386.
2, 7193
List the prime factors of 42088.
2, 5261
What are the prime factors of 327?
3, 109
What are the prime factors of 178026?
2, 3, 29671
What are the prime factors of 32692?
2, 11, 743
List the prime factors of 3320.
2, 5, 83
What are the prime factors of 36005?
5, 19, 379
List the prime factors of 2205.
3, 5, 7
What are the prime factors of 371?
7, 53
What are the prime factors of 4250?
2, 5, 17
List the prime factors of 173.
173
List the prime factors of 41517.
3, 7, 659
What are the prime factors of 2576?
2, 7, 23
What are the prime factors of 71648?
2, 2239
What are the prime factors of 2545?
5, 509
List the prime factors of 53332.
2, 67, 199
What are the prime factors of 3171?
3, 7, 151
What are the prime factors of 556?
2, 139
List the prime factors of 343.
7
List the prime factors of 32434.
2, 16217
List the prime factors of 22427.
41, 547
What are the prime factors of 33513?
3, 11171
What are the prime factors of 3037?
3037
What are the prime factors of 58570?
2, 5, 5857
List the prime factors of 2006.
2, 17, 59
What are the prime factors of 3345?
3, 5, 223
What are the prime factors of 1147?
31, 37
List the prime factors of 39224.
2, 4903
What are the prime factors of 64228?
2, 16057
List the prime factors of 3476.
2, 11, 79
List the prime factors of 48283.
53, 911
What are the prime factors of 1305?
3, 5, 29
What are the prime factors of 1965?
3, 5, 131
What are the prime factors of 15824?
2, 23, 43
List the prime factors of 17985.
3, 5, 11, 109
List the prime factors of 1815.
3, 5, 11
What are the prime factors of 19335?
3, 5, 1289
List the prime factors of 11826.
2, 3, 73
What are the prime factors of 27668?
2, 6917
List the prime factors of 7210.
2, 5, 7, 103
What are the prime factors of 259?
7, 37
List the prime factors of 17968.
2, 1123
What are the prime factors of 22284?
2, 3, 619
List the prime factors of 2717.
11, 13, 19
List the prime factors of 1542.
2, 3, 257
List the prime factors of 19777.
19777
What are the prime factors of 2307?
3, 769
List the prime factors of 59682.
2, 3, 7, 29
What are the prime factors of 33010?
2, 5, 3301
What are the prime factors of 4128?
2, 3, 43
What are the prime factors of 1820?
2, 5, 7, 13
List the prime factors of 904.
2, 113
What are the prime factors of 41172?
2, 3, 47, 73
List the prime factors of 401.
401
What are the prime factors of 113695?
5, 22739
List the prime factors of 34800.
2, 3, 5, 29
What are the prime factors of 20562?
2, 3, 23, 149
What are the prime factors of 105?
3, 5, 7
List the prime factors of 283.
283
What are the prime factors of 31588?
2, 53, 149
List the prime factors of 694.
2, 347
List the prime factors of 23824.
2, 1489
What are the prime factors of 24945?
3, 5, 1663
What are the prime factors of 180?
2, 3, 5
What are the prime factors of 68122?
2, 34061
What are the prime factors of 1255?
5, 251
List the prime factors of 19796.
2, 7, 101
List the prime factors of 10579.
71, 149
List the prime factors of 50882.
2, 13, 19, 103
List the prime factors of 1139.
17, 67
List the prime factors of 7431.
3, 2477
List the prime factors of 18245.
5, 41, 89
What are the prime factors of 76111?
7, 83, 131
List the prime factors of 5366.
2, 2683
List the prime factors of 2935.
5, 587
List the prime factors of 8152.
2, 1019
What are the prime factors of 17759?
7, 43, 59
List the prime factors of 586.
2, 293
What are the prime factors of 6145?
5, 1229
What are the prime factors of 1670?
2, 5, 167
List the prime factors of 57706.
2, 11, 43, 61
List the prime factors of 22397.
22397
List the prime factors of 14116.
2, 3529
What are the prime factors of 15150?
2, 3, 5, 101
List the prime factors of 44.
2, 11
What are the prime factors of 14746?
2, 73, 101
What are the prime factors of 1952?
2, 61
What are the prime factors of 2622?
2, 3, 19, 23
List the prime factors of 75145.
5, 7, 19, 113
List the prime factors of 1765.
5, 353
What are the prime factors of 62563?
62563
List the prime factors of 25329.
3, 8443
List the prime factors of 398.
2, 199
List the prime factors of 2689.
2689
List the prime factors of 7625.
5, 61
What are the prime factors of 16171?
103, 157
What are the prime factors of 31681?
13, 2437
List the prime factors of 2517.
3, 839
List the prime factors of 127175.
5, 5087
List the prime factors of 12509.
7, 1787
List the prime factors of 3900.
2, 3, 5, 13
List the prime factors of 717.
3, 239
List the prime factors of 2797.
2797
What are the prime factors of 47297?
47297
List the prime factors of 7462.
2, 7, 13, 41
List the prime factors of 1150.
2, 5, 23
What are the prime factors of 23154?
2, 3, 17, 227
What are the prime factors of 3383?
17, 199
What are the prime factors of 2408?
2, 7, 43
What are the prime factors of 1271?
31, 41
What are the prime factors of 158?
2, 79
What are the prime factors of 176577?
3, 71, 829
List the prime factors of 1872.
2, 3, 13
What are the prime factors of 14051?
14051
What are the prime factors of 67304?
2, 47, 179
List the prime factors of 25341.
3, 8447
What are the prime factors of 3417?
3, 17, 67
List the prime factors of 46461.
3, 17, 911
What are the prime factors of 69589?
13, 53, 101
List the prime factors of 931.
7, 19
List the prime factors of 1993.
1993
What are the prime factors of 30422?
2, 7, 41, 53
What are the prime factors of 9398?
2, 37, 127
What are the prime factors of 29441?
59, 499
What are the prime factors of 2535?
3, 5, 13
What are the prime factors of 3889?
3889
List the prime factors of 186612.
2, 3, 15551
List the prime factors of 12290.
2, 5, 1229
List the prime factors of 13451.
13451
What are the prime factors of 162?
2, 3
What are the prime factors of 2254?
2, 7, 23
What are the prime factors of 902?
2, 11, 41
What are the prime factors of 1084?
2, 271
List the prime factors of 96283.
11, 8753
List the prime factors of 5026.
2, 7, 359
List the prime factors of 80105.
5, 37, 433
What are the prime factors of 72333?
3, 19, 47
What are the prime factors of 4371?
3, 31, 47
List the prime factors of 19022.
2, 9511
What are the prime factors of 26990?
2, 5, 2699
What are the prime factors of 2612?
2, 653
List the prime factors of 2027.
2027
List the prime factors of 312.
2, 3, 13
What are the prime factors of 7833?
3, 7, 373
List the prime factors of 2525.
5, 101
What are the prime factors of 4444?
2, 11, 101
List the prime factors of 6907.
6907
What are the prime factors of 6485?
5, 1297
List the prime factors of 35270.
2, 5, 3527
What are the prime factors of 9612?
2, 3, 89
List the prime factors of 119